{"id":642,"date":"2017-07-24T08:47:30","date_gmt":"2017-07-24T12:47:30","guid":{"rendered":"http:\/\/pos.demc.ufmg.br\/novomestrado\/?page_id=642"},"modified":"2019-08-01T14:39:16","modified_gmt":"2019-08-01T18:39:16","slug":"documentos-de-processos-seletivos-anteriores-2017","status":"publish","type":"page","link":"https:\/\/pos.demc.ufmg.br\/novomestrado\/?page_id=642","title":{"rendered":"DOCUMENTOS DE PROCESSOS SELETIVOS ANTERIORES"},"content":{"rendered":"<p style=\"text-align: center;\"><strong><span style=\"text-decoration: underline;\">PROCESSO SELETIVO 2019<\/span><\/strong><\/p>\n<p><a href=\"https:\/\/pos.demc.ufmg.br\/novomestrado\/wp-content\/uploads\/2018\/11\/RESULTADO-FINAL-GEST%C3%83O-PUBLIC.pdf\"><strong>RESULTADO FINAL \u2013 GEST\u00c3O NA CONSTRU\u00c7\u00c3O CIVIL<\/strong><\/a><\/p>\n<p><a href=\"https:\/\/pos.demc.ufmg.br\/novomestrado\/wp-content\/uploads\/2018\/11\/RESULTADO-FINAL-MATERIAIS-PUBLIC.pdf\"><strong>RESULTADO FINAL \u2013 MATERIAIS DE CONSTRU\u00c7\u00c3O CIVIL\u00a0<\/strong><\/a><\/p>\n<p><a href=\"https:\/\/pos.demc.ufmg.br\/novomestrado\/wp-content\/uploads\/2018\/10\/RESULTADO-DE-GEST%C3%83O-ETAPA-1-.pdf\">RESULTADO ETAPA 1 \u2013 GEST\u00c3O NA CONSTRU\u00c7\u00c3O CIVIL<\/a><\/p>\n<p><a href=\"https:\/\/pos.demc.ufmg.br\/novomestrado\/wp-content\/uploads\/2018\/10\/RESULTADO-DE-MATERIAIS-ETAPA-1..pdf\">RESULTADO ETAPA 1 \u2013 MATERIAIS DE CONSTRU\u00c7\u00c3O CIVIL<\/a><\/p>\n<p><a href=\"https:\/\/pos.demc.ufmg.br\/novomestrado\/wp-content\/uploads\/2018\/10\/COMISS%C3%83O-EXAMINADORA.pdf\">COMISS\u00c3O EXAMINADORA<\/a><\/p>\n<p><a href=\"https:\/\/pos.demc.ufmg.br\/novomestrado\/wp-content\/uploads\/2018\/10\/LISTA-DE-CANDIDATOS-INSCRITOS-.-FINAL-1.pdf\">LISTA DE CANDIDATOS INSCRITOS (atualizada)<\/a><\/p>\n<p><a href=\"https:\/\/pos.demc.ufmg.br\/novomestrado\/wp-content\/uploads\/2018\/08\/EDITAL-DE-SELE%C3%87%C3%83O.pdf\">EDITAL DE SELE\u00c7\u00c3O<\/a><\/p>\n<p><a href=\"https:\/\/pos.demc.ufmg.br\/novomestrado\/wp-content\/uploads\/2018\/08\/FICHA-DE-INSCRI%C3%87%C3%83O.doc\">FICHA DE INSCRI\u00c7\u00c3O<\/a><\/p>\n<p><a href=\"https:\/\/pos.demc.ufmg.br\/novomestrado\/wp-content\/uploads\/2018\/08\/DECLARA%C3%87%C3%83O-%C3%89TNICO-RACIAL.pdf\">DECLARA\u00c7\u00c3O \u00c9TNICO-RACIAL<\/a><\/p>\n<p><a href=\"https:\/\/pos.demc.ufmg.br\/novomestrado\/wp-content\/uploads\/2018\/08\/MODELO-DE-CURR%C3%8DCULO.doc\">MODELO DE CURR\u00cdCULO<\/a><\/p>\n<p><a href=\"https:\/\/pos.demc.ufmg.br\/novomestrado\/wp-content\/uploads\/2018\/08\/TABELAS-DE-PONTUA%C3%87%C3%83O.pdf\">TABELAS DE PONTUA\u00c7\u00c3O<\/a><\/p>\n<p style=\"text-align: center;\"><strong><span style=\"text-decoration: underline;\">PROCESSO SELETIVO 2018<\/span><\/strong><\/p>\n<p><a href=\"https:\/\/pos.demc.ufmg.br\/novomestrado\/wp-content\/uploads\/2017\/07\/EDITAL-DE-SELE%C3%87%C3%83O.pdf\">EDITAL DE SELE\u00c7\u00c3O<\/a>\u00a02018<\/p>\n<p><a href=\"https:\/\/pos.demc.ufmg.br\/novomestrado\/wp-content\/uploads\/2017\/08\/RETIFICA%C3%87%C3%83O-DO-EDITAL-OTEMPO02-PAG-30_03-08-17-093232.pdf\">RETIFICA\u00c7\u00c3O DO EDITAL DE SELE\u00c7\u00c3O<\/a><\/p>\n<p><a href=\"https:\/\/pos.demc.ufmg.br\/novomestrado\/wp-content\/uploads\/2017\/09\/RETIFICA%C3%87%C3%83O-DA-TABELA-DE-PONTUA%C3%87%C3%83O-AN%C3%81LISE-DE-CURR%C3%8DCULO-1.pdf\">RETIFICA\u00c7\u00c3O DA TABELA DE PONTUA\u00c7\u00c3O \u2013 AN\u00c1LISE DE CURR\u00cdCULO<\/a><\/p>\n<p><a href=\"https:\/\/pos.demc.ufmg.br\/novomestrado\/wp-content\/uploads\/2017\/09\/RESULTADO-DE-GEST%C3%83O-RETIFICADO.pdf\">RESULTADO ETAPA 1 -GEST\u00c3O NA CONSTRU\u00c7\u00c3O CIVIL<\/a>\u00a0(RETIFICADO)<\/p>\n<p><a href=\"https:\/\/pos.demc.ufmg.br\/novomestrado\/wp-content\/uploads\/2017\/09\/RESULTADO-DE-MATERIAIS-ETAPA-1-1.pdf\">RESULTADO ETAPA 1 \u2013 MATERIAIS DE CONSTRU\u00c7\u00c3O CIVIL<\/a><\/p>\n<p><strong><a href=\"https:\/\/pos.demc.ufmg.br\/novomestrado\/wp-content\/uploads\/2017\/11\/RESULTADO-FINAL-GEST%C3%83O.pdf\">RESULTADO FINAL -GEST\u00c3O NA CONSTRU\u00c7\u00c3O CIVIL<\/a> <\/strong><\/p>\n<p><a href=\"https:\/\/pos.demc.ufmg.br\/novomestrado\/wp-content\/uploads\/2017\/11\/RESULTADO-FINAL-MATERIAIS.pdf\"><strong>RESULTADO\u00a0FINAL \u2013 MATERIAIS DE CONSTRU\u00c7\u00c3O CIVIL<\/strong><\/a><\/p>\n<p><a href=\"https:\/\/pos.demc.ufmg.br\/novomestrado\/wp-content\/uploads\/2018\/01\/RESULTADO-FINAL-AP%C3%93S-PER%C3%8DODO-DE-RECURSO-MATERIAIS.pdf\"><strong>RESULTADO\u00a0FINAL \u2013 MATERIAIS DE CONSTRU\u00c7\u00c3O CIVIL\u00a0(AP\u00d3S RECURSO)<\/strong><\/a><\/p>\n<p style=\"text-align: center;\"><span style=\"text-decoration: underline;\"><strong>PROCESSO SELETIVO 2017<\/strong><\/span><\/p>\n<p><a href=\"https:\/\/pos.demc.ufmg.br\/novomestrado\/wp-content\/uploads\/2017\/01\/EDITAL-2017..pdf\">EDITAL 2017.<\/a><\/p>\n<p><a href=\"https:\/\/pos.demc.ufmg.br\/novomestrado\/wp-content\/uploads\/2017\/01\/BANCA-EXAMINADORA.pdf\">BANCA EXAMINADORA<\/a><\/p>\n<p><a href=\"https:\/\/pos.demc.ufmg.br\/novomestrado\/wp-content\/uploads\/2017\/02\/MODELO-DE-CURR\u00cdCULO.doc\">MODELO DE CURR\u00cdCULO<\/a><\/p>\n<p><a href=\"https:\/\/pos.demc.ufmg.br\/novomestrado\/wp-content\/uploads\/2017\/02\/REQUERIMENTO-DE-INSCRICAO.xlsx\">REQUERIMENTO DE INSCRICAO<\/a><\/p>\n<p><a href=\"https:\/\/pos.demc.ufmg.br\/novomestrado\/wp-content\/uploads\/2017\/01\/Lista-de-candidatos-inscritos.pdf\">Lista de candidatos inscritos<\/a><\/p>\n<p><a href=\"https:\/\/pos.demc.ufmg.br\/novomestrado\/wp-content\/uploads\/2017\/01\/Inscri\u00e7\u00f5es-Indeferidas.pdf\">Inscri\u00e7\u00f5es Indeferidas<\/a><\/p>\n<p><a href=\"https:\/\/pos.demc.ufmg.br\/novomestrado\/wp-content\/uploads\/2017\/01\/Tabela-de-Pontua\u00e7\u00e3o-Etapa-1.pdf\">Tabela de Pontua\u00e7\u00e3o &#8211; Etapa 1<\/a><\/p>\n<p><a href=\"https:\/\/pos.demc.ufmg.br\/novomestrado\/wp-content\/uploads\/2017\/01\/Resultado-Etapa-1-MATERIAIS.pdf\">Resultado Etapa 1 &#8211; MATERIAIS<\/a><\/p>\n<p><a href=\"https:\/\/pos.demc.ufmg.br\/novomestrado\/wp-content\/uploads\/2017\/01\/Resultado-Etapa-1-GESTAO.pdf\">Resultado Etapa 1 &#8211; GESTAO<\/a><\/p>\n<p><a href=\"https:\/\/pos.demc.ufmg.br\/novomestrado\/wp-content\/uploads\/2017\/01\/Resultado-final-Materiais-de-Constru\u00e7\u00e3o-Civil.pdf\">Resultado final &#8211; Materiais de Constru\u00e7\u00e3o Civil<\/a><\/p>\n<p><a href=\"https:\/\/pos.demc.ufmg.br\/novomestrado\/wp-content\/uploads\/2017\/01\/Resultado-final-Gest\u00e3o-na-Constru\u00e7\u00e3o-Civil.pdf\">Resultado final &#8211; Gest\u00e3o na Constru\u00e7\u00e3o Civil<\/a><\/p>\n","protected":false},"excerpt":{"rendered":"<p>PROCESSO SELETIVO 2019 RESULTADO FINAL \u2013 GEST\u00c3O NA CONSTRU\u00c7\u00c3O CIVIL RESULTADO FINAL \u2013 MATERIAIS DE CONSTRU\u00c7\u00c3O CIVIL\u00a0 RESULTADO ETAPA 1 \u2013 GEST\u00c3O NA CONSTRU\u00c7\u00c3O CIVIL RESULTADO ETAPA 1 \u2013 MATERIAIS DE CONSTRU\u00c7\u00c3O CIVIL COMISS\u00c3O EXAMINADORA LISTA DE CANDIDATOS INSCRITOS (atualizada) <a href=\"https:\/\/pos.demc.ufmg.br\/novomestrado\/?page_id=642\"> Read more&#8230;<\/a><\/p>\n","protected":false},"author":1,"featured_media":0,"parent":0,"menu_order":0,"comment_status":"closed","ping_status":"closed","template":"","meta":{"footnotes":""},"class_list":["post-642","page","type-page","status-publish","hentry"],"yoast_head":"<!-- This site is optimized with the Yoast SEO plugin v23.9 - https:\/\/yoast.com\/wordpress\/plugins\/seo\/ -->\n<title>DOCUMENTOS DE PROCESSOS SELETIVOS ANTERIORES - Mestrado em Constru\u00e7\u00e3o Civil<\/title>\n<meta name=\"robots\" content=\"index, follow, max-snippet:-1, max-image-preview:large, max-video-preview:-1\" \/>\n<link rel=\"canonical\" href=\"https:\/\/pos.demc.ufmg.br\/novomestrado\/?page_id=642\" \/>\n<meta property=\"og:locale\" content=\"pt_BR\" \/>\n<meta property=\"og:type\" content=\"article\" \/>\n<meta property=\"og:title\" content=\"DOCUMENTOS DE PROCESSOS SELETIVOS ANTERIORES - Mestrado em Constru\u00e7\u00e3o Civil\" \/>\n<meta property=\"og:description\" content=\"PROCESSO SELETIVO 2019 RESULTADO FINAL \u2013 GEST\u00c3O NA CONSTRU\u00c7\u00c3O CIVIL RESULTADO FINAL \u2013 MATERIAIS DE CONSTRU\u00c7\u00c3O CIVIL\u00a0 RESULTADO ETAPA 1 \u2013 GEST\u00c3O NA CONSTRU\u00c7\u00c3O CIVIL RESULTADO ETAPA 1 \u2013 MATERIAIS DE CONSTRU\u00c7\u00c3O CIVIL COMISS\u00c3O EXAMINADORA LISTA DE CANDIDATOS INSCRITOS (atualizada) Read more&#8230;\" \/>\n<meta property=\"og:url\" content=\"https:\/\/pos.demc.ufmg.br\/novomestrado\/?page_id=642\" \/>\n<meta property=\"og:site_name\" content=\"Mestrado em Constru\u00e7\u00e3o Civil\" \/>\n<meta property=\"article:modified_time\" content=\"2019-08-01T18:39:16+00:00\" \/>\n<meta name=\"twitter:card\" content=\"summary_large_image\" \/>\n<meta name=\"twitter:label1\" content=\"Est. tempo de leitura\" \/>\n\t<meta name=\"twitter:data1\" content=\"1 minuto\" \/>\n<script type=\"application\/ld+json\" class=\"yoast-schema-graph\">{\"@context\":\"https:\/\/schema.org\",\"@graph\":[{\"@type\":\"WebPage\",\"@id\":\"https:\/\/pos.demc.ufmg.br\/novomestrado\/?page_id=642\",\"url\":\"https:\/\/pos.demc.ufmg.br\/novomestrado\/?page_id=642\",\"name\":\"DOCUMENTOS DE PROCESSOS SELETIVOS ANTERIORES - Mestrado em Constru\u00e7\u00e3o Civil\",\"isPartOf\":{\"@id\":\"https:\/\/pos.demc.ufmg.br\/novomestrado\/#website\"},\"datePublished\":\"2017-07-24T12:47:30+00:00\",\"dateModified\":\"2019-08-01T18:39:16+00:00\",\"breadcrumb\":{\"@id\":\"https:\/\/pos.demc.ufmg.br\/novomestrado\/?page_id=642#breadcrumb\"},\"inLanguage\":\"pt-BR\",\"potentialAction\":[{\"@type\":\"ReadAction\",\"target\":[\"https:\/\/pos.demc.ufmg.br\/novomestrado\/?page_id=642\"]}]},{\"@type\":\"BreadcrumbList\",\"@id\":\"https:\/\/pos.demc.ufmg.br\/novomestrado\/?page_id=642#breadcrumb\",\"itemListElement\":[{\"@type\":\"ListItem\",\"position\":1,\"name\":\"In\u00edcio\",\"item\":\"https:\/\/pos.demc.ufmg.br\/novomestrado\/\"},{\"@type\":\"ListItem\",\"position\":2,\"name\":\"DOCUMENTOS DE PROCESSOS SELETIVOS ANTERIORES\"}]},{\"@type\":\"WebSite\",\"@id\":\"https:\/\/pos.demc.ufmg.br\/novomestrado\/#website\",\"url\":\"https:\/\/pos.demc.ufmg.br\/novomestrado\/\",\"name\":\"Mestrado em Constru\u00e7\u00e3o Civil\",\"description\":\"P\u00f3s gradua\u00e7\u00e3o em Constru\u00e7\u00e3o Civil\",\"publisher\":{\"@id\":\"https:\/\/pos.demc.ufmg.br\/novomestrado\/#organization\"},\"potentialAction\":[{\"@type\":\"SearchAction\",\"target\":{\"@type\":\"EntryPoint\",\"urlTemplate\":\"https:\/\/pos.demc.ufmg.br\/novomestrado\/?s={search_term_string}\"},\"query-input\":{\"@type\":\"PropertyValueSpecification\",\"valueRequired\":true,\"valueName\":\"search_term_string\"}}],\"inLanguage\":\"pt-BR\"},{\"@type\":\"Organization\",\"@id\":\"https:\/\/pos.demc.ufmg.br\/novomestrado\/#organization\",\"name\":\"Mestrado em Constru\u00e7\u00e3o Civil\",\"url\":\"https:\/\/pos.demc.ufmg.br\/novomestrado\/\",\"logo\":{\"@type\":\"ImageObject\",\"inLanguage\":\"pt-BR\",\"@id\":\"https:\/\/pos.demc.ufmg.br\/novomestrado\/#\/schema\/logo\/image\/\",\"url\":\"https:\/\/i0.wp.com\/pos.demc.ufmg.br\/novomestrado\/wp-content\/uploads\/2017\/03\/logo11.jpg?fit=200%2C166&ssl=1\",\"contentUrl\":\"https:\/\/i0.wp.com\/pos.demc.ufmg.br\/novomestrado\/wp-content\/uploads\/2017\/03\/logo11.jpg?fit=200%2C166&ssl=1\",\"width\":200,\"height\":166,\"caption\":\"Mestrado em Constru\u00e7\u00e3o Civil\"},\"image\":{\"@id\":\"https:\/\/pos.demc.ufmg.br\/novomestrado\/#\/schema\/logo\/image\/\"}}]}<\/script>\n<!-- \/ Yoast SEO plugin. -->","yoast_head_json":{"title":"DOCUMENTOS DE PROCESSOS SELETIVOS ANTERIORES - Mestrado em Constru\u00e7\u00e3o Civil","robots":{"index":"index","follow":"follow","max-snippet":"max-snippet:-1","max-image-preview":"max-image-preview:large","max-video-preview":"max-video-preview:-1"},"canonical":"https:\/\/pos.demc.ufmg.br\/novomestrado\/?page_id=642","og_locale":"pt_BR","og_type":"article","og_title":"DOCUMENTOS DE PROCESSOS SELETIVOS ANTERIORES - Mestrado em Constru\u00e7\u00e3o Civil","og_description":"PROCESSO SELETIVO 2019 RESULTADO FINAL \u2013 GEST\u00c3O NA CONSTRU\u00c7\u00c3O CIVIL RESULTADO FINAL \u2013 MATERIAIS DE CONSTRU\u00c7\u00c3O CIVIL\u00a0 RESULTADO ETAPA 1 \u2013 GEST\u00c3O NA CONSTRU\u00c7\u00c3O CIVIL RESULTADO ETAPA 1 \u2013 MATERIAIS DE CONSTRU\u00c7\u00c3O CIVIL COMISS\u00c3O EXAMINADORA LISTA DE CANDIDATOS INSCRITOS (atualizada) Read more&#8230;","og_url":"https:\/\/pos.demc.ufmg.br\/novomestrado\/?page_id=642","og_site_name":"Mestrado em Constru\u00e7\u00e3o Civil","article_modified_time":"2019-08-01T18:39:16+00:00","twitter_card":"summary_large_image","twitter_misc":{"Est. tempo de leitura":"1 minuto"},"schema":{"@context":"https:\/\/schema.org","@graph":[{"@type":"WebPage","@id":"https:\/\/pos.demc.ufmg.br\/novomestrado\/?page_id=642","url":"https:\/\/pos.demc.ufmg.br\/novomestrado\/?page_id=642","name":"DOCUMENTOS DE PROCESSOS SELETIVOS ANTERIORES - Mestrado em Constru\u00e7\u00e3o Civil","isPartOf":{"@id":"https:\/\/pos.demc.ufmg.br\/novomestrado\/#website"},"datePublished":"2017-07-24T12:47:30+00:00","dateModified":"2019-08-01T18:39:16+00:00","breadcrumb":{"@id":"https:\/\/pos.demc.ufmg.br\/novomestrado\/?page_id=642#breadcrumb"},"inLanguage":"pt-BR","potentialAction":[{"@type":"ReadAction","target":["https:\/\/pos.demc.ufmg.br\/novomestrado\/?page_id=642"]}]},{"@type":"BreadcrumbList","@id":"https:\/\/pos.demc.ufmg.br\/novomestrado\/?page_id=642#breadcrumb","itemListElement":[{"@type":"ListItem","position":1,"name":"In\u00edcio","item":"https:\/\/pos.demc.ufmg.br\/novomestrado\/"},{"@type":"ListItem","position":2,"name":"DOCUMENTOS DE PROCESSOS SELETIVOS ANTERIORES"}]},{"@type":"WebSite","@id":"https:\/\/pos.demc.ufmg.br\/novomestrado\/#website","url":"https:\/\/pos.demc.ufmg.br\/novomestrado\/","name":"Mestrado em Constru\u00e7\u00e3o Civil","description":"P\u00f3s gradua\u00e7\u00e3o em Constru\u00e7\u00e3o Civil","publisher":{"@id":"https:\/\/pos.demc.ufmg.br\/novomestrado\/#organization"},"potentialAction":[{"@type":"SearchAction","target":{"@type":"EntryPoint","urlTemplate":"https:\/\/pos.demc.ufmg.br\/novomestrado\/?s={search_term_string}"},"query-input":{"@type":"PropertyValueSpecification","valueRequired":true,"valueName":"search_term_string"}}],"inLanguage":"pt-BR"},{"@type":"Organization","@id":"https:\/\/pos.demc.ufmg.br\/novomestrado\/#organization","name":"Mestrado em Constru\u00e7\u00e3o Civil","url":"https:\/\/pos.demc.ufmg.br\/novomestrado\/","logo":{"@type":"ImageObject","inLanguage":"pt-BR","@id":"https:\/\/pos.demc.ufmg.br\/novomestrado\/#\/schema\/logo\/image\/","url":"https:\/\/i0.wp.com\/pos.demc.ufmg.br\/novomestrado\/wp-content\/uploads\/2017\/03\/logo11.jpg?fit=200%2C166&ssl=1","contentUrl":"https:\/\/i0.wp.com\/pos.demc.ufmg.br\/novomestrado\/wp-content\/uploads\/2017\/03\/logo11.jpg?fit=200%2C166&ssl=1","width":200,"height":166,"caption":"Mestrado em Constru\u00e7\u00e3o Civil"},"image":{"@id":"https:\/\/pos.demc.ufmg.br\/novomestrado\/#\/schema\/logo\/image\/"}}]}},"jetpack_sharing_enabled":true,"jetpack_shortlink":"https:\/\/wp.me\/PaPkm3-am","jetpack-related-posts":[],"_links":{"self":[{"href":"https:\/\/pos.demc.ufmg.br\/novomestrado\/index.php?rest_route=\/wp\/v2\/pages\/642","targetHints":{"allow":["GET"]}}],"collection":[{"href":"https:\/\/pos.demc.ufmg.br\/novomestrado\/index.php?rest_route=\/wp\/v2\/pages"}],"about":[{"href":"https:\/\/pos.demc.ufmg.br\/novomestrado\/index.php?rest_route=\/wp\/v2\/types\/page"}],"author":[{"embeddable":true,"href":"https:\/\/pos.demc.ufmg.br\/novomestrado\/index.php?rest_route=\/wp\/v2\/users\/1"}],"replies":[{"embeddable":true,"href":"https:\/\/pos.demc.ufmg.br\/novomestrado\/index.php?rest_route=%2Fwp%2Fv2%2Fcomments&post=642"}],"version-history":[{"count":3,"href":"https:\/\/pos.demc.ufmg.br\/novomestrado\/index.php?rest_route=\/wp\/v2\/pages\/642\/revisions"}],"predecessor-version":[{"id":1823,"href":"https:\/\/pos.demc.ufmg.br\/novomestrado\/index.php?rest_route=\/wp\/v2\/pages\/642\/revisions\/1823"}],"wp:attachment":[{"href":"https:\/\/pos.demc.ufmg.br\/novomestrado\/index.php?rest_route=%2Fwp%2Fv2%2Fmedia&parent=642"}],"curies":[{"name":"wp","href":"https:\/\/api.w.org\/{rel}","templated":true}]}}